 (82 - 69) + (-3 + -9 - -2)?
-22
7 + 6 + 0 + 27 - 8
32
Calculate (20 - 26) + 13 + (-8 - 1) + -2.
-4
What is (-2 - 3) + 29 + -16 + -2?
6
What is -3 - ((5 - 10) + 45 + -5)?
-38
Evaluate 1 - ((0 - 0 - (-2 - -7)) + -6).
12
What is 5 + -2 + 0 + 8 + (144 - 139)?
16
What is the value of 12 + (-29 + 1 - -16) - (0 + 0)?
0
What is the value of -6 + 4 + (16 - 7) - -16?
23
Calculate (2 - 4 - -5) + (5 - 7).
1
Calculate 14 + (10 - (8 + 23)).
-7
Calculate 14 + (-20 - (18 - 21)).
-3
Evaluate 7 + -29 + 8 + (-6 - -3) + 5.
-12
What is (2 - 1) + -22 - (-82 - -71)?
-10
What is the value of 40 + -17 + -54 + 8?
-23
Evaluate -3 - (-14 - -17) - -10.
4
Evaluate -15 - 4 - -20 - -7.
8
3018 - 3022 - (2 + -1 + 2)
-7
Calculate (15 - (-3 - -6)) + (8 - -8 - 22).
6
What is (-11 - (11 + -12)) + (-4 - (-7 + -3))?
-4
14 - ((-7 - -30) + -10)
1
What is the value of (40 - -2) + 12 + (-17 - -10) + -13?
34
-31 + (-16 - -85) + -27
11
What is (30 - (22 + 17)) + -6?
-15
Evaluate -12 - ((18 - 20) + 7).
-17
4 + 2 - (2 - -1)
3
(9 - 24) + -1 - -30
14
What is the value of 11 - ((14 - 19) + 16 - -1)?
-1
Calculate 10 - 12 - (1 + (-10 - -8) + -25).
24
What is 42 - (23 + 38 + -19)?
0
(13 - 14 - ((-4 - -1) + 2)) + -9
-9
Calculate -15 + (-7 - -12) + 5 + -2.
-7
(-32 - -10) + -16 + 5
-33
Calculate -4 + (-4 - (1 + -13)) + -6.
-2
What is the value of 9 - (-1 + 3) - (-26 + 23)?
10
Calculate -27 - (-60 - -35 - 18).
16
What is 157 + -126 - (21 - 1)?
11
Calculate (-13 - -4) + 16 + -23 + 8.
-8
What is -4 + 6 - 5 - (-9 - -1)?
5
Evaluate -9 - (9 + 3 + 6 + 4 + -1).
-30
What is the value of -827 - -841 - (0 + 2 - (7 + 3))?
22
What is (-11 - 3) + 10 + 24?
20
What is the value of -7 + (0 - 2) + -4 + 9?
-4
18 - (25 + (0 - 29))
22
Evaluate (-5 + 18 - 9) + -16 - 17.
-29
What is 2 + -1 + 4 - (-261 + 273) - -16?
9
Calculate -7 - (-8 + -5 + 7 - (1 - 7)).
-7
25 - 23 - (3 + -2 + -2 - -11)
-8
What is -22 + (-13 - (-28 - -13))?
-20
16 - ((7 - 19) + -1 - -15)
14
6 - (-2 - (-10 - 0) - 7)
5
Calculate -41 + 8 + 14 + 48.
29
What is (-20 - -34) + -3 + -1 - 9?
1
What is the value of -27 + (-1 - (22 + -38))?
-12
What is the value of (-2 + 8 - (9 - (-1 + 22))) + -2?
16
What is (11 + (-12 - 4) - (-3 - -3)) + 32?
27
Calculate -4 + (-6 - -16 - (6 + -5)) + 12.
17
Evaluate -1 + -3 - (-110 - -115).
-9
Calculate 24 + -13 + -1 + -4.
6
Calculate -6 + 7 + -5 + 7 + (-2 - -2).
3
Evaluate -352 + 361 - (-7 - -4 - -16).
-4
Evaluate (0 - -3) + (13 - (-8 - (9 - 22))).
11
-38 + 16 + -16 + 28
-10
Evaluate 23 + -2 + (-9 - -1) + (1 - -6).
20
What is the value of -1 + 6 + 5 + 4 + -20 + 3?
-3
What is -33 - -49 - -2 - (-2 + 3)?
17
What is the value of 178 + -163 - (1 + -3 - -24)?
-7
Evaluate -15 - (0 + (4 - (17 + -16))).
-18
7 + ((-19 - -24) + -5 - (4 + 2))
1
What is the value of -6 + (-4 - -2 - -18) + 11 + -20?
1
Calculate (-36 - (-2 + (5 - 6))) + 4 + 2.
-27
What is the value of -10 + (6 - -1) - (2 + -5 + 2)?
-2
9 + -7 + (-20 - (-6 - 4 - 0))
-8
Evaluate -3 + (-2 - (-8 + (0 + -7 - -25))).
-15
0 + -20 + 136 + -121
-5
Calculate -81 - -57 - (0 + -8).
-16
What is the value of 2 + 17 + -19 + 10 + -6?
4
What is (-230 - -234) + (-12 - 0)?
-8
361 - 375 - (4 - 5 - (-2 + -1))
-16
15 + -13 + (9 - 40)
-29
Evaluate 423 + -436 - (2 + (-31 - 1)).
17
What is the value of -1 - 1 - (0 + 2) - (143 - 152)?
5
What is -40 + (21 - (4 + -1))?
-22
Evaluate 12 - (5 - (7 - 5)) - 2.
7
Evaluate (4 - -9) + (6 - (-1 + 1)) + -6.
13
Calculate -8 + 23 + (7 - 4) + -7.
11
Evaluate 13 + 0 + (-368 - -341).
-14
Calculate 2 - 0 - ((40 - 0) + 11 + -13).
-36
4 + -3 - (82 - 92)
11
-63 + 49 - (1 - -3) - (2 - 8)
-12
0 + (1 - ((-9 - -19) + 0) - -1)
-8
(20 - 36) + 24 - (0 - 0)
8
Evaluate 1 + (10 - 7) + -8.
-4
Calculate 7 + (-10 - -5) + 4.
6
What is -22 + (-8 - -13) + -5 + 4?
-18
Evaluate (5 - (-4 - (-3 - 4))) + (-7 - 1).
-6
-12 - (-19 - 2) - 17 - -10
2
Calculate 9 - 7 - (23 - 15) - 21.
-27
Calculate 2 + 0 - (-9 + -20 + 1 + 2).
28
What is the value of (-7 - -8) + -10 + 16?
7
Evaluate (-5 - (0 + 2)) + 16 + (34 - 22).
21
-17 + 5 + 16 + -14
-10
Evaluate 7 + -24 + 8 + 3 + 3.
-3
What is the value of -4 - -11 - (-8 - (-2 + -28 + 7))?
-8
What is (0 - -7) + -52 + 40 + -2 - -15?
8
14 - (15 + 6 + -3)
-4
What is the value of 1 + -4 + (-273 - -268)?
-8
What is 1387 - 1349 - (28 - 1)?
11
Evaluate -3 - -6 - (-5 + 15).
-7
Calculate 21 - (-10 - (-18 + (-13 - -25))).
25
Calculate 16 - (12 - (-22 + 23)).
5
What is the value of 36 + -21 - (-19 + 3)?
31
What is -10 + 22 - (10 - -14)?
-12
Evaluate -30 + 3 + -13 + (10 - 2) + 7.
-25
Calculate (77 - 76) + 1 + (1 - 1) + -7.
-5
What is (0 - -12 - 3) + -6 + -12?
-9
What is the value of -8 + (4 - 7) + 8 + (5 - 12)?
-10
-13 + -18 + -2 + 11 + -1
-23
What is the value of -2 + 21 - (19 + -13)?
13
Evaluate (44 - (15 + 58)) + 4.
-25
What is (87 - 66 - (2 - -4)) + -30?
-15
Calculate (0 - (3 + 3)) + 16.
10
Calculate -2 - -5 - ((17 - 25) + (-1 - -5)).
7
Calculate (7 - 1) + -2 + (11 - 22).
-7
What is -1 - (-2 - (-20 - -5)) - (-8 - -3)?
-9
What is the value of 202 - 202 - (-11 - -1)?
10
What is the value of 6 + (4 - (9 + -17 + 12))?
6
Calculate -47 + (50 - 17) + -13.
-27
Calculate -18 + 19 + -10 - 7.
-16
15 + 20 + -34 - (-2 + -5)
8
-48 - -55 - (3 + (13 - 8))
-1
Calculate -1 + -8 - ((-10 - -10) + (3 - 4)).
-8
Calculate (-1 + -4 + 4 + 0 - -7) + -12.
-6
Evaluate -9 + 8 + (-11 - -11) + 14.
13
What is the value of -13 + 25 + (20 - 5) + -5?
22
What is the value of (-6 - -20) + -9 + -10?
-5
What is the value of 140 - 151 - (-2 + 4 + -2)?
-11
What is the value of 3 + 11 + (-15 - -9) + 1?
9
Calculate 18 + (2 - (8 + 1)).
11
What is 16 + 4 + -25 - (-4 + (-5 - -13))?
-9
What is the value of -1 + -6 - 0 - (-14 + -22 + 18)?
11
(140 - 129 - (29 - (2 + 0))) + 6
-10
What is the value of -5 - (-5 - 23 - (-3 - 3) - -5)?
12
(-2 - -40) + 579 + -589
28
Evaluate -4 + -15 + 13 + (12 - 0).
6
What is 17 + -12 + (-13 - -16)?
8
Calculate 49 + (4 - 31 - 9).
13
Calculate 7 + -1 - (-12 - (-6 - 11)).
1
Evaluate -26 + 26 + (11 - 5) + (-1 - 10).
-5
-40 + 34 - ((31 - (-2 + 0)) + -4)
-35
What is -28 - ((3 - 2) + -20 + 8)?
-17
What is the value of 17 - (38 + -19 - 14)?
12
Evaluate -34 + (5 - (-3 + (7 - (22 + -11)))).
-22
What is the value of (7 - 13) + 2 + -13 + 24?
7
What is 1 + -9 - (5 + -12 + 18 + -20)?
1
What is the value of 4 + 2 + -2 + -19 + 25?
10
What is -6 + 13 + -14 - (2 + (-6 - -4))?
-7
Evaluate 268 - 274 - (-41 + 5).
30
Calculate (9 - 14) + (-1 - 6) + -6 + 12.
-6
What is the value of 20 + -37 + 24 + (-12 - -1)?
-4
What is -39 + 36 + 13 + -1?
9
Evaluate -6 + 2 + -3 - (224 - 239).
8
Calculate -11 + -10 + (-8 - -6).
-23
What is the value of -1 + -17 - (-21 - (-25 - -14))?
-8
Calculate (-16 - (-33 - 0)) + -7 + 2.
12
Evaluate (4 - (-12 + 3)) + -8.
5
Evaluate -2 + -6 - (-10 - -7) - (-7 - 1).
3
Calculate (1 - -2) + -14 + 4.
-7
Evaluate -4 - (-5 - (4 + -10) - -7).
-12
Calculate 9 + -6 + (9 - (2 + 3)).
7
Evaluate -23 - (14 + 19 + -5 + -15).
-36
What is the value of 6 - (-4 + 10) - ((7 - -9) + -6)?
-10
What is the value of 1 + -2 + 3 + (-8 - 0) + 10?
4
What is the value of (-7 + 0 - -30) + -5?
18
Calculate -31 - ((13 - 30) + -1 + 9).
-22
Evaluate 1 - 2 - (-16 - -14).
1
(18 - 1) + -29 - -10
-2
Evaluate -10 + (0 - 5) + 12 + -13.
-16
What is the value of -26 - (2 + -7 + 2 + 9 + 4)?
-36
What is the value of -9 - (-10 - (-11 - -5))?
-5
What is 50 - 5 - (13 + -4 + 7)?
29
-1 + (-4 - (11 + -4)) + -8
-20
Evaluate -40 + 42 - (-2 - -4 - 3).
3
What is 9 + 13 + -5 + -7?
10
Calculate 20 + -9 - 43 - (7 - 8 - 2).
-29
What is the value of 11 + (-12 - (-22 - (-19 - -7))) + -6?
3
-10 + (1 - -9) + (18 - 10)
8
What is the value of 4 + -5 - (5 - (6 + -2 - 6))?
-8
-42 - -15 - -33 - (7 + (-1 - -1))
-1
7 - (25 - (-21 - -29))
-10
What is (5 - 3) + (-139 - -122)?
-15
32 - 33 - (-2 - -2) - 9
-10
Evaluate -1 + -1 - (4 + 1) - (-169 + 167).
-5
Evaluate 11 + -9 + -20 - -19.
1
Calculate -15 - (-20 - -9 - (2 + -3)).
-5
Evaluate 1 + -6 - (12 + -4 + -6 - 10).
3
Calculate (0 + -12 - (-7 - 0) - -16) + 9.
20
What is -3 - (11 - -4) - -7 - (5 - 2)?
-14
10 + (0 - 2) - (232 - 239)
15
Calculate (-1 + 2 - -4) + (-21 - -28).
12
Calculate (-19 - -18) + -9 + -2 + 1 + 26.
15
What is 11 - ((-11 - -14 - -1) + -4)?
11
What is -29 + 4 - -67 - 23?
19
Calculate (0 - 11 - (7 + (-13 - 0))) + 2.
-3
Calculate 31 - (-32 - (-46 - -12)).
29
3 + -5 + 13 - (-16 + 19 - -5)
3
What is 